{"id":60,"date":"2020-07-06T09:14:47","date_gmt":"2020-07-06T07:14:47","guid":{"rendered":"http:\/\/postsvtraunstein.de\/?page_id=60"},"modified":"2026-02-02T09:16:11","modified_gmt":"2026-02-02T08:16:11","slug":"sport","status":"publish","type":"page","link":"https:\/\/postsvtraunstein.de\/","title":{"rendered":"Startseite Sport"},"content":{"rendered":"<p><img loading=\"lazy\" decoding=\"async\" class=\"alignright\" src=\"https:\/\/postsvtraunstein.de\/wp-content\/uploads\/Spk-1-1024x297.png\" sizes=\"auto, (max-width: 1024px) 100vw, 1024px\" srcset=\"https:\/\/postsvtraunstein.de\/wp-content\/uploads\/Spk-1-1024x297.png 1024w, https:\/\/postsvtraunstein.de\/wp-content\/uploads\/Spk-1-300x87.png 300w, https:\/\/postsvtraunstein.de\/wp-content\/uploads\/Spk-1-768x223.png 768w, https:\/\/postsvtraunstein.de\/wp-content\/uploads\/Spk-1.png 1219w\" alt=\"\" width=\"341\" height=\"99\" \/><\/p>\n<h2 style=\"text-align: center;\">Post SV Traunstein e.V.<\/h2>\n<p style=\"text-align: center;\"><img loading=\"lazy\" decoding=\"async\" class=\"wp-image-337 aligncenter\" src=\"https:\/\/postsvtraunstein.de\/wp-content\/uploads\/50-Jahr-Emblem-300x222.jpg\" alt=\"\" width=\"346\" height=\"256\" srcset=\"https:\/\/postsvtraunstein.de\/wp-content\/uploads\/50-Jahr-Emblem-300x222.jpg 300w, https:\/\/postsvtraunstein.de\/wp-content\/uploads\/50-Jahr-Emblem-768x567.jpg 768w, https:\/\/postsvtraunstein.de\/wp-content\/uploads\/50-Jahr-Emblem.jpg 879w\" sizes=\"auto, (max-width: 346px) 100vw, 346px\" \/><\/p>\n<h2 style=\"text-align: center;\">gegr\u00fcndet 1967<\/h2>\n<h3 style=\"text-align: center;\">Kontakte<\/h3>\n<h1 style=\"text-align: center;\"><b>Vorstand<\/b>:<\/h1>\n<h3 style=\"text-align: center;\">Dietmar Krick<br \/>\nGrabenstr. 4<br \/>\n83278 Traunstein<br \/>\nTel: +4915115787788<\/h3>\n<h4 style=\"text-align: center;\">E-Mail: <a style=\"color: #0000ff;\" href=\"mailto:Dietmar.krick@icloud.com\" target=\"_blank\" rel=\"noopener\">Dietmar.krick@icloud.com<\/a><\/h4>\n<h3 style=\"text-align: center;\">Kassier:<br \/>\nKlaus Grages<br \/>\nSpielwanger Str. 26<br \/>\n83277 Vachendorf<br \/>\nTel: 0173 280 20 19<br \/>\nEmail:<a style=\"font-size: 16px;\" href=\"mailto:k.grages61@t-online.de\" target=\"_blank\" rel=\"noopener\"> k.grages61@t-online.de<\/a><\/h3>\n<h4 style=\"text-align: center;\"><b><u>Schriftf\u00fchrer<\/u><\/b>:<br \/>\nMichael Bock<br \/>\nE-Mail: <a style=\"color: #0000ff;\" href=\"Mailto:Michael-bock@t-online.de\" target=\"_blank\" rel=\"noopener\">Michael-bock@t-online.de<\/a><\/h4>\n<h3 style=\"text-align: center;\"><strong>Volleyball<br \/>\n<\/strong>Franz Krammer<br \/>\nTel.: 08662 5454<br \/>\nHandy: 0170 561 4667<br \/>\nTraining<br \/>\nJeden Montag 20 Uhr<br \/>\nTurnhalle an der Prandtner Stra\u00dfe<br \/>\n(staatliche Berufsschule)<br \/>\nSommer bei sch\u00f6nem Wetter Beachvolleyplatz Waging<\/h3>\n<h4 style=\"text-align: center;\"><strong>Gymnastik<br \/>\n<\/strong>Maria Baptistella<br \/>\nTel-: 0861 166 93 93<br \/>\nE-Mail: <a style=\"color: #0000ff;\" href=\"mailto:maria-baptistella@t-online.de\" target=\"_blank\" rel=\"noopener\">maria-baptistella@t-online.de<\/a><br \/>\nTraining<br \/>\nJeden Mittwoch 17:30 bis 18:30 Uhr<br \/>\nTurnhalle Haslacher Schule<\/h4>\n<h4 style=\"text-align: center;\"><strong><u>Kegeln<br \/>\n<\/u><\/strong>Dieter M\u00e4hrle<br \/>\nTel: +491717889022<br \/>\n<a style=\"color: #00ffff;\" href=\"mailto:dmaehrle@kabelmail.de\" target=\"_blank\" rel=\"noopener\">Email: dmaehrle@kabelmail.de<\/a><br \/>\nTraining:<br \/>\nDienstag 16:30 Uhr bis 20:00 Uhr<br \/>\n(in Ruhpolding Kegelbahnen in Bubi`s Sportbar unter dem Wellenbad an der Brander Str.)<\/h4>\n<h4 style=\"text-align: center;\"><\/h4>\n<p style=\"text-align: center;\"><strong>Jugendleiter und Vorstandsmitglied<br \/>\n<\/strong><strong>Alexander Pawlow<br \/>\n<\/strong><strong>Zwieselstr. 9<br \/>\n<\/strong><strong>83278 Traunstein<br \/>\n<\/strong><strong>Tel: 0861 205 40 39<\/strong><\/p>\n<p style=\"text-align: center;\"><strong>Handy: 0173 874 31 66<\/strong><\/p>\n<p style=\"text-align: center;\"><strong>Email. <a style=\"color: #0000ff;\" href=\"mailto:pawimailer@gmx.de\" target=\"_blank\" rel=\"noopener\">pawimailer@gmx.de<\/a><\/strong><\/p>\n<h4 style=\"text-align: center;\">2. Jugendleiter<br \/>\nMichael Bock<br \/>\nEmail: <a style=\"color: #3366ff;\" href=\"mailto:Michael-bock@t-online.de\" target=\"_blank\" rel=\"noopener\">Michael-bock@t-online.de<\/a><\/h4>\n<h3 style=\"text-align: center;\"><strong><u>Abtl. Tischtennis<br \/>\n<\/u><\/strong><strong>Valentin Steiner<br \/>\n<\/strong><strong>Siedlungsstr. 1a<br \/>\n<\/strong><strong>83278 Traunstein<br \/>\n<\/strong><strong>Tel: 0861 132 32<br \/>\n<\/strong><strong>Handy: 0175 996 11 77<br \/>\n<\/strong><strong>Email:\u00a0<a style=\"color: #0000ff;\" href=\"mailto:Valentin.Steiner@t-online.de\" target=\"_blank\" rel=\"noopener\">Valentin.Steiner@t-online.de<\/a><br \/>\nTT-Trainingszeiten:<br \/>\nMo., Mi. Fr. 19:00 bis 22:00 Uhr<br \/>\nJugend Mi. 18:00 bis 19:30 Uhr<br \/>\nKampenwandstr. 40 (Sportkeller)<\/strong><\/h3>\n<p style=\"text-align: center;\"><strong>Post SV Mitgliedsbeitr\u00e4ge<\/strong><\/p>\n<p style=\"text-align: center;\"><strong>seit 01.04.04 (monatlich)<\/strong><\/p>\n<p style=\"text-align: center;\"><strong>Erwachsene\u00a0 \u00a0 \u00a0 \u00a0 5,00\u20ac<\/strong><\/p>\n<p style=\"text-align: center;\"><strong>Kinder bis 14 Jahre 2,00\u20ac<\/strong><\/p>\n<p style=\"text-align: center;\"><strong>Kinder 15-18 Jahre 3,00\u20ac<\/strong><\/p>\n<p style=\"text-align: center;\"><strong>Familienbeitrag\u00a0 8,00\u20ac<br \/>\nBeitr\u00e4ge werden halbj\u00e4hrlich eingezogen<\/strong><\/p>\n<h4 style=\"text-align: center;\">Bericht<br \/>\n\u00fcber die au\u00dferordentliche Jahreshauptversammlung der Post SV.<br \/>\nDie Einladung zur au\u00dferordentlichen Jahreshauptversammlung ist ordnungsgem\u00e4\u00df und fristgem\u00e4\u00df ver\u00f6ffentlicht worden<br \/>\nTagesordnung<br \/>\n1. Begr\u00fc\u00dfung<br \/>\n2. Genehmigung der Tagesordnung<br \/>\n3. Genehmigung des Protokolls vom 13.03.2025<br \/>\n4. Gru\u00dfworte<br \/>\n5. Kurzberichte der Vorstandschaft<br \/>\n6. Aussprache zu den Berichten<br \/>\n7. Bericht der Kassenprtlfer<br \/>\n8. Entlastung der Vorstandschaft<br \/>\n9. Ehrungen<br \/>\n10. Bildung eines Wahlausschusses<br \/>\n11. Neuwahlen<br \/>\n11.1 Wahl der gesamten Vorstandschaft<br \/>\n&#8211; Vorsitzender\/e<br \/>\n&#8211; stv. Vorsitzender\/e<br \/>\n&#8211; Kassier\/in<br \/>\n&#8211; Schriftftlhrer\/in<br \/>\n11.2 Wahl der KassenprUferZinnen<br \/>\n11.3 Wahl von 2 BeisitzemZBeisitzerimen<br \/>\n12. Behandlung von W\u00fcnschen und Antr\u00e4gen<br \/>\nSchriftliche Antr\u00e4ge bitte bis 25.10.2025 an den 1. Vorsitzenden<br \/>\n13. Sonstiges<br \/>\nBitte zeigen Sie Ihr Interesse am Vereinsieben und an den Themen, die unseren<br \/>\nVerein besch\u00e4ftigen, durch zahlreiche Beteiligung. Wir freuen uns auf Ihr Kommen.<br \/>\nF\u00fcr die Vorstandschaft: Dieter M\u00e4hrle, 1. Vorsitzender<\/h4>\n<h4 style=\"text-align: center;\">Niederschrift<br \/>\n\u00fcber die au\u00dferordentliche Mitgliederversammlung<br \/>\ndes Post-Sportverein Traunstein e.v.<br \/>\nam Donnerstag, den 30. 10. 2025<br \/>\nln Traunstein, Gasthaus Haidforst<br \/>\nBeginn: 19:00 Uhr<br \/>\nAnwesend sind 22 stimmberechtigte Mitglieder ( Anlage 1).<br \/>\nDie Einladung mit Tagesordnung ist als Anlage 2 beigef\u00fcgt<br \/>\nZu Punkt 1<br \/>\nDer VorsitzendeDieter M\u00e4hrle begr\u00fc\u00dft die anwesenden Mitglieder,<br \/>\nbesonders das Ehrenmitglied des Vereins, G\u00fcnter Reindl.<br \/>\nEr stellt fest, zur Versammlung wurde fristgerecht eingeladen-<br \/>\nzu Punkt 2<br \/>\nDie Tagesordnung wird einstimmig, so angenommen.<br \/>\nzu Punkt 3<br \/>\nDas Protokoll vom 13-03-2025 wird mit 21 stimmen, bei einer Enthaltung, genehmigt.<br \/>\nzu Runkt 4<br \/>\nkeine Ehreng\u00e4ste anwesend<br \/>\nzu Punkt 5<br \/>\nDer Bericht des Vorsitzenden Dieter M\u00e4hrle ist als Anlage 3 beigef\u00fcgt.<br \/>\nDie Abteilungsleiter M\u00e4hrle, Steiner, Pawlow und Breitenlohner berichten kurz \u00fcber<br \/>\nIhire Abteilungen.<br \/>\nKassier Klaus Grages berichtet \u00fcber die Kassenf\u00fchrung,<br \/>\nder Kassenbestand betr\u00e4gt am Versammlungstag 21 926 \u20ac Guthaben.<br \/>\nzu Punkt 6<br \/>\nKeine Wortmeldungen<br \/>\nzu Punkt 7<br \/>\nDer Kassenpr\u00fcfer informiert, dass am 29.09. die Kasse gepr\u00fcft wurde<br \/>\nund best\u00e4tigt eine richtige und sorgf\u00e4ltige Kassenf\u00fchrung.<br \/>\nEr schl\u00e4gt der Versammlung die Entlastung des Vorstandes<br \/>\n\u0433zu Punkt 8<br \/>\nDie Vorstandschaft wird einstimmig entlastet.<br \/>\nzu Punkt 9<br \/>\nHelmut Haigermoser wird zum Ehrenmitglied des Vereins benannt.<br \/>\nzu Punkt 10<br \/>\nEinstimmig, werden Dieter M\u00e4hrle, G\u00fcnter Reindl und Helmut Haigermoser als<br \/>\nWahlausschu\u00df gew\u00e4hlt.<br \/>\nvor.<br \/>\nzu Punkt 11<br \/>\nDle Wahlen des Vorsitzenden, des Stellvertreters und des Kassiers wurden,<br \/>\nlaut Satzung, schriftlich und geheim abgehalten.<br \/>\nSchriftf\u00fchrer, Beisitzer und Kassenpr\u00fcfer werden per Handzeichen gew\u00e4hlt.<br \/>\nEs gibt in keinem Fall eine Gegenkandidatur und alle Gew\u00e4hlten nehmen die Wahl an.<br \/>\n22 Vereinsmitglieder sind anwesend und abstimmungsberechtigt.<br \/>\nVersitzender: Krick Dietmar wird mit 21 stimmen, bei einer Enthaltung, gew\u00e4hlt,<br \/>\nStellv. Vorsitzender: Steiner Valentin wird einstimmig gew\u00e4hlt.<br \/>\nKassier: Grages Klaus wird einstimmig gew\u00e4hlt,<br \/>\nSchriftf\u00fchrer: Bock Michael wird einstimmig gew\u00e4hlt.<br \/>\nAlle nahmen die Wahl an.<br \/>\nJugendleilter: Pawlow Alexander wird einstimmig best\u00e4tigt.<br \/>\n11 2<br \/>\nAls Kassenpr\u00fcfer werden Wirnshofer Tobias und Klose Sigi einstimmig gew\u00e4hlt:<br \/>\n11 ,3<br \/>\nAls Beisitzer wird lischkeAndi einstimmig gew\u00e4hlt,<br \/>\n(f\u00fcr einen 2. Beisitzer gibt es keine Bereitschaft oder einen entsprechenden Vorschlag)<\/h4>\n<h2 style=\"text-align: center;\"><strong><em>Neue Vorstandschaft beim Post SV Traunstein<\/em><\/strong><\/h2>\n<h4 style=\"text-align: center;\"><img loading=\"lazy\" decoding=\"async\" class=\"aligncenter\" src=\"https:\/\/postsvtraunstein.de\/wp-content\/uploads\/20251030_200631-1024x473.jpg\" sizes=\"auto, (max-width: 1024px) 100vw, 1024px\" srcset=\"https:\/\/postsvtraunstein.de\/wp-content\/uploads\/20251030_200631-1024x473.jpg 1024w, https:\/\/postsvtraunstein.de\/wp-content\/uploads\/20251030_200631-300x139.jpg 300w, https:\/\/postsvtraunstein.de\/wp-content\/uploads\/20251030_200631-768x355.jpg 768w, https:\/\/postsvtraunstein.de\/wp-content\/uploads\/20251030_200631-1536x710.jpg 1536w, https:\/\/postsvtraunstein.de\/wp-content\/uploads\/20251030_200631-2048x946.jpg 2048w\" alt=\"\" width=\"1024\" height=\"473\" \/><\/h4>\n<h5 style=\"text-align: center;\">Von links: Valentin Steiner 2. Vorsitzender, Alexander Pawlow Jugendleiter,<br \/>\nDietmar Krick 1. Vorsitzender, Andreas Lischke Besitzer, Michael Bock Schriftf\u00fchrer, Klaus Grages Kassier<\/h5>\n<h4 style=\"text-align: center;\"><i><br \/>\n<\/i>zu Punkt 12<br \/>\nAntr\u00e4ge sind nicht eingegangen, es gibt keine Wortmeldungen<br \/>\nZU Punkt 13<br \/>\nkeine Wortmeldung<br \/>\nDie Sitzung ist um 20:10 Uhr beendet<\/h4>\n<h4 style=\"text-align: center;\">Haigermoser Helmut\u00a0 (Schriftf\u00fchrer)\u00a0 \u00a0 \u00a0 \u00a0\u00a0\u00a0M\u00e4hrle Dieter (Vorsitzender)<\/h4>\n<h3 style=\"text-align: center;\">\u00a0 \u00a0 \u00a0 \u00a0 \u00a0 \u00a0 \u00a0 \u00a0 \u00a0 \u00a0 \u00a0 \u00a0 Anlage 3 zum Punkt 5<br \/>\nJahresbericht des 1. Vorstandes zur a. o. Hauptversammlung<br \/>\n1. Unsere letzte Hauptversammlung war am 13.03.2025 ebenfalls hier<br \/>\nim Gasthaus Haidforst.<br \/>\n2. Eine Sportratssitzung hatten wir am 09.10.2025 ebenfalls hier in<br \/>\nHaidforst.<br \/>\nSonst sind wir durchwegs kurzfristig per E-Mail und mit Whats App<br \/>\nin Verbindung.<br \/>\n3. Die Sitzung des Stadtverbandes f\u00fcr Sportvereine hat am<br \/>\n19.10.2025 stattgefunden. Dabei haben mich Klaus Krages und<br \/>\nMaria Baptistelle vertreten. Erfreulicher Weise wurden die<br \/>\nZusch\u00fcsse f\u00fcr die Sportvereine etwas erh\u00f6ht.<br \/>\n4. Heutiges Hauptthema sind die Neuwahlen der gesamten<br \/>\nVorstandschaft und der Mitglieder des Sportrats.<br \/>\nNicht zur Wiederwahl stellen sich Dieter M\u00e4hrle, Maria Baptistella<br \/>\nund Helmut Haigermoser.<br \/>\n5. Nochmal bedanken m\u00f6chte ich hiermit meiner Stellvertreterin Maria<br \/>\nBaptistelia ( heute leider verhindert ), unserem Kassier Klaus<br \/>\nGrages und Helmut Haigermoser unserem Schriftf\u00fchrer<br \/>\n&#8211; den Abteilungsleiterinnen und &#8211; leitern, die alle daf\u00fcr gesorgt<br \/>\nhaben, dass ihre Abteilungen reibungslos funktionieren<br \/>\n&#8211; den \u00dcbungsleitern und sonstigen Betreuern, die viele stunden<br \/>\nehrenamtlich f\u00fcr den Verein da waren<br \/>\n&#8211; den F\u00f6rderern<br \/>\n&#8211; dem Sportamt der Stadt Traunstein&#8216;<br \/>\n&#8211; der Stadt Traunstein f\u00fcr die Zurverf\u00fcgungstellung der<br \/>\nSportanlagen in Haslach<br \/>\n&#8211; dem Stadtverband f\u00fcr Sportvereine<br \/>\n&#8211; nicht zu vergessen unsere Presseberichterstatter, stellvertretend<br \/>\nseien hier Annemarie Brandauer genannt und Werner Fertl f\u00fcr die<br \/>\nPflege der Homepage<br \/>\n&#8211; vielen Dank nat\u00fcrlich auch den Kassenpr\u00fcfern Klose und<br \/>\nWirnshofer.<br \/>\nDank nat\u00fcrlich allen Mitgliedern, dass sie uns die Treue gehalten<br \/>\nhaben und dies hoffentlich auch noch weiter tun werden.<br \/>\nGanz besonders m\u00f6chte Ich nat\u00fcrlich Euch danken, die Ihr heute zu<br \/>\ndieser Versammlung gekommen seid.<br \/>\nUber die Arbeit in den Abteilungen werden Sie dann anschlie\u00dfend<br \/>\ndie Abteilungsleiter\/innen kurz informieren.<br \/>\nWie schon in der letzten Jahreshauptversammlung angek\u00fcndigt,<br \/>\nwollen Maria Baptistella, ich und Helmut Haigermoser dieses daher<br \/>\nnicht mehr kandidieren.<br \/>\nEin kleiner R\u00fcckblick von meiner Seite:<br \/>\nIch war von 1992 bis 2007 zweiter Vorsitzender und bin seit 2007<br \/>\nnach dem Tode meines Vorg\u00e4ngers Horst Fertl erster Vorsitzender<br \/>\ndes Post SV Traunstein. Es war eigentlich bis auf die letzten zwei<br \/>\nJahre ein sch\u00f6ner Posten und es\u00a0<span style=\"font-size: 16px;\">rrang.<\/span><\/h3>\n<h3 style=\"text-align: center;\">Ein besonderer Dank geht an meine Frau Renate, die mich die<br \/>\nganzen Jahre bei meiner Arbeit unterst\u00fctzt hat und bei den<br \/>\nVorstandssitzungen bei mir zu Hause f\u00fcr das leibliche Wohl gesorgt<br \/>\nhat.<br \/>\n6. Noch eine allgemeine Anmerkung zur mangelnden Bereitschaft, im<br \/>\nVerein ehrenamtlich in der Vorstandschaft mitzuwirken. Es ist v\u00f6llig<br \/>\nunakzeptabel, dass man m\u00f6glichst g\u00fcnstig Sport treiben m\u00f6chte,<br \/>\naber sonst ist es v\u00f6llig wurscht, wo das Geld dazu herkommt und<br \/>\nwer alles so organisiert, dass es zu einem geregelten Sportbetrieb<br \/>\nkommt.<br \/>\n7. Ich w\u00fcnsche der heutigen Versammlung einen guten und<br \/>\nharmonischen Verlauf und der neuen Vorstandschaft eine<br \/>\ngl\u00fcckliche Hand zum Wohle des Post SV Traunstein.<br \/>\nDieter M\u00e4hrle<\/h3>\n<h3 style=\"text-align: center;\"><span style=\"font-size: 16px;\">30.10.2025<\/span>herrschte immer Einigkeit in der<br \/>\nVorstandschaft f\u00fcr den Verein das Beste zu erreichen.<br \/>\nleider ist es mir nicht gelungen, den schon von meinem Vorg\u00e4nger<br \/>\nvehement betriebenen Wunsch zur Schaffung einer<br \/>\nwettkampfgerechten Kegelbahnanlage in Traunstein zu<br \/>\nverwirklichen. Die F\u00fchrungsriege der gro\u00dfen <span style=\"font-size: 16px;\">Kreisstadt Traunstein<\/span><\/h3>\n<h3 style=\"text-align: center;\">gab leider anderen Sportarten immer den Vorzug<\/h3>\n<h3 style=\"text-align: center;\"><em>Helmut Haigermoser wurde zum Ehrenmitglied ernannt<\/em><\/h3>\n<p><img loading=\"lazy\" decoding=\"async\" class=\"aligncenter\" src=\"https:\/\/postsvtraunstein.de\/wp-content\/uploads\/IMG-20241003-WA0006-225x300.jpg\" sizes=\"auto, (max-width: 225px) 100vw, 225px\" srcset=\"https:\/\/postsvtraunstein.de\/wp-content\/uploads\/IMG-20241003-WA0006-225x300.jpg 225w, https:\/\/postsvtraunstein.de\/wp-content\/uploads\/IMG-20241003-WA0006-768x1024.jpg 768w, https:\/\/postsvtraunstein.de\/wp-content\/uploads\/IMG-20241003-WA0006-1152x1536.jpg 1152w, https:\/\/postsvtraunstein.de\/wp-content\/uploads\/IMG-20241003-WA0006.jpg 1200w\" alt=\"\" width=\"225\" height=\"300\" \/>%5181766424154980%%3941766640893202%%4191766888389219%<\/p>\n","protected":false},"excerpt":{"rendered":"<p>Post SV Traunstein e.V. gegr\u00fcndet 1967 Kontakte Vorstand: Dietmar Krick Grabenstr. 4 83278 Traunstein Tel: +4915115787788 E-Mail: Dietmar.krick@icloud.com Kassier: Klaus Grages Spielwanger Str. 26 83277 Vachendorf Tel: 0173 280 20 19 Email: k.grages61@t-online.de Schriftf\u00fchrer: Michael Bock E-Mail: Michael-bock@t-online.de Volleyball Franz Krammer Tel.: 08662 5454 Handy: 0170 561 4667 Training Jeden Montag 20 Uhr Turnhalle an [&hellip;]<\/p>\n","protected":false},"author":1,"featured_media":0,"parent":0,"menu_order":0,"comment_status":"closed","ping_status":"open","template":"","meta":{"ocean_post_layout":"full-screen","ocean_both_sidebars_style":"","ocean_both_sidebars_content_width":0,"ocean_both_sidebars_sidebars_width":0,"ocean_sidebar":"0","ocean_second_sidebar":"0","ocean_disable_margins":"enable","ocean_add_body_class":"","ocean_shortcode_before_top_bar":"","ocean_shortcode_after_top_bar":"","ocean_shortcode_before_header":"","ocean_shortcode_after_header":"","ocean_has_shortcode":"","ocean_shortcode_after_title":"","ocean_shortcode_before_footer_widgets":"","ocean_shortcode_after_footer_widgets":"","ocean_shortcode_before_footer_bottom":"","ocean_shortcode_after_footer_bottom":"","ocean_display_top_bar":"off","ocean_display_header":"default","ocean_header_style":"","ocean_center_header_left_menu":"0","ocean_custom_header_template":"0","ocean_custom_logo":0,"ocean_custom_retina_logo":0,"ocean_custom_logo_max_width":0,"ocean_custom_logo_tablet_max_width":0,"ocean_custom_logo_mobile_max_width":0,"ocean_custom_logo_max_height":0,"ocean_custom_logo_tablet_max_height":0,"ocean_custom_logo_mobile_max_height":0,"ocean_header_custom_menu":"0","ocean_menu_typo_font_family":"0","ocean_menu_typo_font_subset":"","ocean_menu_typo_font_size":0,"ocean_menu_typo_font_size_tablet":0,"ocean_menu_typo_font_size_mobile":0,"ocean_menu_typo_font_size_unit":"px","ocean_menu_typo_font_weight":"","ocean_menu_typo_font_weight_tablet":"","ocean_menu_typo_font_weight_mobile":"","ocean_menu_typo_transform":"","ocean_menu_typo_transform_tablet":"","ocean_menu_typo_transform_mobile":"","ocean_menu_typo_line_height":0,"ocean_menu_typo_line_height_tablet":0,"ocean_menu_typo_line_height_mobile":0,"ocean_menu_typo_line_height_unit":"","ocean_menu_typo_spacing":0,"ocean_menu_typo_spacing_tablet":0,"ocean_menu_typo_spacing_mobile":0,"ocean_menu_typo_spacing_unit":"","ocean_menu_link_color":"","ocean_menu_link_color_hover":"","ocean_menu_link_color_active":"","ocean_menu_link_background":"","ocean_menu_link_hover_background":"","ocean_menu_link_active_background":"","ocean_menu_social_links_bg":"","ocean_menu_social_hover_links_bg":"","ocean_menu_social_links_color":"","ocean_menu_social_hover_links_color":"","ocean_disable_title":"on","ocean_disable_heading":"default","ocean_post_title":"","ocean_post_subheading":"","ocean_post_title_style":"","ocean_post_title_background_color":"","ocean_post_title_background":0,"ocean_post_title_bg_image_position":"","ocean_post_title_bg_image_attachment":"","ocean_post_title_bg_image_repeat":"","ocean_post_title_bg_image_size":"","ocean_post_title_height":0,"ocean_post_title_bg_overlay":0.5,"ocean_post_title_bg_overlay_color":"","ocean_disable_breadcrumbs":"default","ocean_breadcrumbs_color":"","ocean_breadcrumbs_separator_color":"","ocean_breadcrumbs_links_color":"","ocean_breadcrumbs_links_hover_color":"","ocean_display_footer_widgets":"off","ocean_display_footer_bottom":"default","ocean_custom_footer_template":"0","footnotes":""},"class_list":["post-60","page","type-page","status-publish","hentry","entry"],"_links":{"self":[{"href":"https:\/\/postsvtraunstein.de\/index.php?rest_route=\/wp\/v2\/pages\/60","targetHints":{"allow":["GET"]}}],"collection":[{"href":"https:\/\/postsvtraunstein.de\/index.php?rest_route=\/wp\/v2\/pages"}],"about":[{"href":"https:\/\/postsvtraunstein.de\/index.php?rest_route=\/wp\/v2\/types\/page"}],"author":[{"embeddable":true,"href":"https:\/\/postsvtraunstein.de\/index.php?rest_route=\/wp\/v2\/users\/1"}],"replies":[{"embeddable":true,"href":"https:\/\/postsvtraunstein.de\/index.php?rest_route=%2Fwp%2Fv2%2Fcomments&post=60"}],"version-history":[{"count":10,"href":"https:\/\/postsvtraunstein.de\/index.php?rest_route=\/wp\/v2\/pages\/60\/revisions"}],"predecessor-version":[{"id":5174,"href":"https:\/\/postsvtraunstein.de\/index.php?rest_route=\/wp\/v2\/pages\/60\/revisions\/5174"}],"wp:attachment":[{"href":"https:\/\/postsvtraunstein.de\/index.php?rest_route=%2Fwp%2Fv2%2Fmedia&parent=60"}],"curies":[{"name":"wp","href":"https:\/\/api.w.org\/{rel}","templated":true}]}}